ppose -4*x + c + 6772 = 0. Is x a prime number?
False
Let h(v) = -v + 2. Let g be h(-10). Let r(k) = -k + 12. Let y be r(g). Suppose y = -3*s + 477 - 30. Is s composite?
False
Let a = -16 + 26. Is 1172/(-10)*a/(-4) composite?
False
Let u(d) = -6*d - 7. Let m(o) = o + 1. Let f(y) = -5*m(y) - u(y). Let t be f(2). Is (2 + t)*19/2 a prime number?
False
Let a = 22 - 17. Suppose a*d - 8648 = -3*d. Is d composite?
True
Let n(v) = 115*v**3 - 7*v + 6. Let p(k) = k**3 - k + 1. Let b(o) = n(o) - p(o). Is b(3) a composite number?
True
Suppose 87 = -5*m + 32. Let t = m + 18. Let w(s) = 17*s. Is w(t) a prime number?
False
Let m = 25619 - 4930. Is m a composite number?
True
Suppose -197067 = -12*n + 300537. Is n prime?
True
Suppose 4*z - 2*i = -13 - 17, 0 = z - i + 9. Is (-2 - 1910/(-4))*(-4)/z a composite number?
False
Suppose 382*d + 762 = 385*d. Is d prime?
False
Suppose -111 = 11*a + 10. Is 129 - 2 - (a + 11) prime?
True
Suppose 6669 = 3*c + 5*n, 2*c - 4*c + n + 4459 = 0. Suppose 4*t + 4*s - c = 0, 5*s = 3*t + 161 - 1800. Is t prime?
False
Let r be (-808)/3 - 10/15. Let f = r - -381. Is f prime?
False
Suppose 0 = -o + 5*g + 4044, -g - 16191 = -4*o + 4*g. Is o a composite number?
False
Let r(j) = j**2 - 16*j + 4. Let i be r(16). Suppose -i*w + 2*z = 3*z - 359, -2*z + 6 = 0. Is w composite?
False
Let z(u) = u**2 + 8*u + 4. Let a be z(6). Suppose 0 = -c + 531 - a. Is c prime?
True
Suppose -18580 = -23*n + 187017. Is n a composite number?
True
Suppose 2*m - 4 = 0, -m + 3*m - 6299 = -5*d. Is d a prime number?
True
Let m(s) = 151*s - 58. Let p(h) = h**2 + h + 3. Let z be p(-2). Is m(z) prime?
False
Let m(l) be the third derivative of -l**5/30 - l**4/24 - 13*l**3/6 - 3*l**2. Let c(w) = -w**2 - 6. Let r(z) = -5*c(z) + 2*m(z). Is r(-7) a composite number?
False
Let m(p) = -p**3 - 11*p**2 + 7*p + 9. Let z be (-456)/36 - 2/(-3). Is m(z) composite?
True
Suppose 5*r = 5*y - 70, 45 = -3*y + 6*y - 4*r. Suppose -5290 = -y*n + n. Is n composite?
True
Suppose 3*x = -4*p - 11281 + 44748, 0 = 5*p - 25. Is x a prime number?
True
Suppose -618 = v + 3*a, 4*v - a = -2*a - 2516. Let i = 264 + v. Let d = i + 685. Is d a prime number?
False
Let j(b) = -b**3 - 6*b**2 - 6*b + 9. Let x be j(-10). Suppose 4*m - 1797 = 1411. Suppose 3*h - x = -4*k, 217 - m = -5*k - 5*h. Is k a composite number?
True
Let n(w) = 100*w - 28. Let d be n(6). Let y = d + 421. Is y composite?
True
Suppose -a = l - 4611, 4*l + l = -a + 23047. Is l a composite number?
True
Let t(y) be the third derivative of 0 + 5*y**2 + 7/24*y**4 - 3/2*y**3 + 2/15*y**5 + 0*y. Is t(2) prime?
True
Let g(c) = c**3 + 10*c**2 - 14*c - 16. Is g(11) a composite number?
False
Let z = -21710 - -58173. Is z composite?
True
Let l(u) be the third derivative of -11*u**4/12 + 2*u**3/3 + 4*u**2. Let k be l(-6). Let b = k + 151. Is b a composite number?
True
Suppose 15 - 3 = 4*w. Suppose 3*c = 5*f + 2107, -w*c - c + 5*f = -2816. Is c prime?
True
Is (-3012)/9*222/(-8) composite?
True
Let s = -871 + 1542. Let j(k) = -11*k**3 + 121*k**2 + k - 9. Let n be j(11). Suppose n*l = s + 411. Is l a prime number?
True
Suppose 13*s + 8*s = 83307. Is s prime?
True
Let s = -7358 + 11873. Let n = 6398 - s. Is n a prime number?
False
Let r = -21 - -19. Let m be (-3)/r - (-13)/2. Suppose w = -w - m, -l - w = -207. Is l a prime number?
True
Suppose -4 = -5*d + d + 4*h, -4*d = 2*h - 28. Let t = d + -6. Let j(c) = -53*c**3 - c**2 + 1. Is j(t) composite?
False
Suppose -m + 3*m - 12 = 0. Let a be (-3)/m + (-27)/(-6). Let k = 10 - a. Is k composite?
True
Let l(i) = -i**2 + 12*i - 7. Let r be l(11). Is 226 + -6*r/8 prime?
True
Let c be (-15)/3 + 1 - -9. Suppose 0 = 4*y + 20, 3*y + 651 = c*l - 109. Is l prime?
True
Let h = -88 + 92. Let i = 2 + 1. Suppose -h*b + i*b = -97. Is b a prime number?
True
Let w(u) = 3*u**3 + u**2 - u + 23087. Is w(0) composite?
False
Let b = 258 + 290. Suppose -4*o + 804 = -5*i, -4*i - 252 - b = -4*o. Is (o/(-6))/(4/(-6)) composite?
True
Let x be (2/4)/((-5)/(-1380)). Let c be (-2061)/(-15) + 2/(-5). Suppose c + x = 5*s. Is s prime?
False
Is 5/(35/15197) - 0 a composite number?
True
Let i(s) = -s**3 - 11*s**2 - s + 14. Let q be i(-11). Suppose q*m - 29*m + 1652 = 0. Is m a composite number?
True
Suppose 7*y - 6 = 5*y. Is -3 + 2 - (-48)/y a composite number?
True
Suppose 82*s + 4*y = 77*s + 317885, -63577 = -s + 2*y. Is s composite?
False
Let v(t) be the first derivative of -t**3 + 2*t**2 - 9*t - 1. Let h be v(9). Let k = 431 + h. Is k composite?
True
Let o = 14 - 15. Let h be (2 + -1 + -2)*o. Is h*(-204)/(-2 + -2) prime?
False
Let n(u) = -14*u**2 - 6*u + 8. Let j be n(-6). Let i = 981 + j. Is i a composite number?
False
Suppose -8*n = -4*n - 20. Suppose 0 = n*h + 20, -d - 2*h + h + 3295 = 0. Is d a prime number?
True
Let x(w) = -749*w + 488. Is x(-37) prime?
True
Let w = 150 - 239. Suppose 21*q - 128 = 20*q. Let f = w + q. Is f a composite number?
True
Suppose -4*r - 8 = 0, -4*j = 10*r - 12*r - 26552. Is j prime?
True
Let n(t) = -87*t**3 - 7*t**2 - 15. Is n(-7) a prime number?
True
Suppose 2*j - 5605 = 1417. Is j a composite number?
False
Suppose 10*n - 13*n + 1474 = o, -2*o + 984 = 2*n. Is n composite?
False
Let q(n) be the third derivative of n**5/5 + n**4/8 - 5*n**3/3 - 4*n**2. Let g = 8 + -15. Is q(g) a prime number?
True
Let a be 83 - 3/(-6)*6. Suppose 79 = 2*b + 3*y - a, 3*y + 9 = 0. Is b a prime number?
False
Suppose -5*r = 16*d - 14*d - 6849, 2*d = r + 6855. Is d composite?
True
Let f(n) = n**3 + n**2. Let i(z) = 5*z**3 - 9*z**2 - 8*z - 1. Let p(w) = -4*f(w) + i(w). Is p(14) a prime number?
True
Let m(q) = -2*q**3 - 13*q**2 - 14*q + 7. Let n be m(-8). Let i = n - 184. Is i a prime number?
True
Let h be -2 + (4 - (7 - 4)). Is -3 + (902 + h - -1) composite?
True
Let j = 17 - 11. Suppose -w = -3*w + j. Suppose 4*a - 4*l = 1336, -w*a - 3*l + 653 = -a. Is a composite?
False
Suppose -5056 = 30*i - 34186. Is i prime?
True
Let t = 18 - 25. Let k(a) = -a**3 + 2*a**2 + 7*a - 11. Is k(t) composite?
True
Suppose 0 = 5*x - 2*a - 655, -3*a = x - 2*x + 118. Suppose -4*v + 12 = -2*m, 4*m - 3 = -2*v + v. Suppose -p + x = -m*p. Is p a prime number?
False
Suppose c = -2*h + 259, -93 = -h + 4*c + 59. Suppose 2*j - 9 = v, 4*j - j - 10 = -2*v. Suppose -r - i = -h, -j*i + 535 = 4*r - 7*i. Is r a composite number?
True
Suppose -50*i = -4698355 + 681805. Is i composite?
True
Let o = 13 - 3. Is 12564/o + (12/5)/4 composite?
True
Let m = 3313 - 726. Is m prime?
False
Let h = 2646 - -6833. Is h a composite number?
False
Let r(o) be the second derivative of -3*o**3 + 5*o**2/2 + 14*o. Is r(-3) a prime number?
True
Let m(l) = l**3 + 7*l**2 + 3*l - 2. Is m(-5) prime?
False
Let q = -146 + 294. Suppose 811 + 274 = 5*d. Let a = d - q. Is a prime?
False
Suppose -20455 = -5*n + 5*z, 4*n + 3*z = 17834 - 1470. Is n prime?
True
Let m(q) = -3535*q - 36. Is m(-7) a composite number?
False
Let x = 6243 - 2684. Let d = x + -2394. Is d a composite number?
True
Suppose 2*j + 9852 = -4*z - 2*j, j = 4*z + 9827. Let f = 5621 + z. Is f prime?
True
Let h be 3/2 - 3098/(-4). Suppose 0*n + 8*n - h = 0. Is n prime?
True
Let c = -18533 - -29326. Is c a composite number?
True
Suppose -47*l = -25*l - 98846. Is l prime?
True
Let w(u) = -u**3 + u**2 - 12*u - 11. Let t be w(-11). Let d = t + -92. Is d a prime number?
True
Let h(t) = t**3 + 14*t**2 - 6*t + 1. Let r be h(-13). Suppose u = r - 61. Suppose 3*i = -5*l + 883, 2*i - 385 - u = 5*l. Is i composite?
True
Suppose -55 = -4*c + 1. Let y = c - 4. Is 2858/18 + y/45 a composite number?
True
Suppose -19*o = -21*o + 546. Suppose 3*i + 5*q = q - 482, 5*i + 3*q = -796. Let a = o + i. Is a composite?
True
Suppose 0 = n - 3*t - 13, t + t + 9 = n. Is (63 - 12/(-3))/n a prime number?
True
Let y = -45 + 49. Let u be ((-8)/10)/((-2)/1310). Suppose 0 = -5*q - j + 1337, -y*q + u = -2*q - 5*j. Is q composite?
True
Let u(j) = 3*j - 5*j**2 + 4*j - 5*j - 8 - 2*j**3 - 4*j**2. Is u(-7) composite?
False
Let l(d) be the second derivative of -155*d**3/6 - 53*d**2/2 - 3*d + 4. Is l(-6) composite?
False
Is (-1)/(10/(-639140)*2) composite?
False
Let c(f) = f**2 - 4*f + 7. Suppose 0 = -4*l + 5*l - 6. Let x be c(l). Is (19/x)/(1/121) prime?
False
Let o(q) = 1011*q**2 - 20*q - 5. Let y(k) = -202*k**2 + 4*k + 1. Let g(m) = -2*o(m) - 11*y(m). Is g(2) composite?
Tru